[INFO] cloning repository https://github.com/matklad/rustraytracer
[INFO] running `Command { std: "git" "-c" "credential.helper=" "-c" "credential.helper=/workspace/cargo-home/bin/git-credential-null" "clone" "--bare" "https://github.com/matklad/rustraytracer" "/workspace/cache/git-repos/https%3A%2F%2Fgithub.com%2Fmatklad%2Frustraytracer", kill_on_drop: false }`
[INFO] [stderr] Cloning into bare repository '/workspace/cache/git-repos/https%3A%2F%2Fgithub.com%2Fmatklad%2Frustraytracer'...
[INFO] running `Command { std: "git" "rev-parse" "HEAD", kill_on_drop: false }`
[INFO] [stdout] 946e5c1f7d7dfadf5209c6f505453835bcd12f50
[INFO] checking matklad/rustraytracer against master#cfbc6d4cf1acbac5c025acf8ed68929caa551df3 for pr-75494-beta
[INFO] running `Command { std: "git" "clone" "/workspace/cache/git-repos/https%3A%2F%2Fgithub.com%2Fmatklad%2Frustraytracer" "/workspace/builds/worker-13/source", kill_on_drop: false }`
[INFO] [stderr] Cloning into '/workspace/builds/worker-13/source'...
[INFO] [stderr] done.
[INFO] validating manifest of git repo https://github.com/matklad/rustraytracer on toolchain cfbc6d4cf1acbac5c025acf8ed68929caa551df3
[INFO] running `Command { std: "/workspace/cargo-home/bin/cargo" "+cfbc6d4cf1acbac5c025acf8ed68929caa551df3" "read-manifest" "--manifest-path" "Cargo.toml", kill_on_drop: false }`
[INFO] started tweaking git repo https://github.com/matklad/rustraytracer
[INFO] removed workspace from git repo https://github.com/matklad/rustraytracer
[INFO] removed path dependency geom from git repo https://github.com/matklad/rustraytracer
[INFO] removed path dependency utils from git repo https://github.com/matklad/rustraytracer
[INFO] finished tweaking git repo https://github.com/matklad/rustraytracer
[INFO] tweaked toml for git repo https://github.com/matklad/rustraytracer written to /workspace/builds/worker-13/source/Cargo.toml
[INFO] crate git repo https://github.com/matklad/rustraytracer already has a lockfile, it will not be regenerated
[INFO] running `Command { std: "/workspace/cargo-home/bin/cargo" "+cfbc6d4cf1acbac5c025acf8ed68929caa551df3" "fetch" "--locked" "--manifest-path" "Cargo.toml", kill_on_drop: false }`
[INFO] [stderr] warning: dependency (geom) specified without providing a local path, Git repository, or version to use. This will be considered an error in future versions
[INFO] [stderr] warning: dependency (utils) specified without providing a local path, Git repository, or version to use. This will be considered an error in future versions
[INFO] [stderr]     Updating crates.io index
[INFO] [stderr] error: the lock file /workspace/builds/worker-13/source/Cargo.lock needs to be updated but --locked was passed to prevent this
[INFO] [stderr] If you want to try to generate the lock file without accessing the network, use the --offline flag.
[INFO] the lockfile is outdated, regenerating it
[INFO] running `Command { std: "/workspace/cargo-home/bin/cargo" "+cfbc6d4cf1acbac5c025acf8ed68929caa551df3" "generate-lockfile" "--manifest-path" "Cargo.toml" "-Zno-index-update", kill_on_drop: false }`
[INFO] running `Command { std: "/workspace/cargo-home/bin/cargo" "+cfbc6d4cf1acbac5c025acf8ed68929caa551df3" "fetch" "--locked" "--manifest-path" "Cargo.toml", kill_on_drop: false }`
[INFO] [stderr] warning: dependency (geom) specified without providing a local path, Git repository, or version to use. This will be considered an error in future versions
[INFO] [stderr] warning: dependency (utils) specified without providing a local path, Git repository, or version to use. This will be considered an error in future versions
[INFO] [stderr]  Downloading crates ...
[INFO] [stderr]   Downloaded utils v0.0.3
[INFO] [stderr]   Downloaded commandext v0.1.0
[INFO] [stderr]   Downloaded geom v0.2.3
[INFO] running `Command { std: "docker" "create" "-v" "/var/lib/crater-agent-workspace/builds/worker-13/target:/opt/rustwide/target:rw,Z" "-v" "/var/lib/crater-agent-workspace/builds/worker-13/source:/opt/rustwide/workdir:ro,Z" "-v" "/var/lib/crater-agent-workspace/cargo-home:/opt/rustwide/cargo-home:ro,Z" "-v" "/var/lib/crater-agent-workspace/rustup-home:/opt/rustwide/rustup-home:ro,Z" "-e" "SOURCE_DIR=/opt/rustwide/workdir" "-e" "CARGO_TARGET_DIR=/opt/rustwide/target" "-e" "CARGO_HOME=/opt/rustwide/cargo-home" "-e" "RUSTUP_HOME=/opt/rustwide/rustup-home" "-w" "/opt/rustwide/workdir" "-m" "1610612736" "--user" "0:0" "--network" "none" "rustops/crates-build-env@sha256:a636fd89d022f18117e1dc8fb37a0a009933cdbbe082814857f0e2024962d47c" "/opt/rustwide/cargo-home/bin/cargo" "+cfbc6d4cf1acbac5c025acf8ed68929caa551df3" "metadata" "--no-deps" "--format-version=1", kill_on_drop: false }`
[INFO] [stdout] 4acae2af887420c2ab26aaee1191388009242bc3c35ea8b5299bb1b6ce95125b
[INFO] [stderr] WARNING: Your kernel does not support swap limit capabilities or the cgroup is not mounted. Memory limited without swap.
[INFO] running `Command { std: "docker" "start" "-a" "4acae2af887420c2ab26aaee1191388009242bc3c35ea8b5299bb1b6ce95125b", kill_on_drop: false }`
[INFO] running `Command { std: "docker" "inspect" "4acae2af887420c2ab26aaee1191388009242bc3c35ea8b5299bb1b6ce95125b", kill_on_drop: false }`
[INFO] running `Command { std: "docker" "rm" "-f" "4acae2af887420c2ab26aaee1191388009242bc3c35ea8b5299bb1b6ce95125b", kill_on_drop: false }`
[INFO] [stdout] 4acae2af887420c2ab26aaee1191388009242bc3c35ea8b5299bb1b6ce95125b
[INFO] running `Command { std: "docker" "create" "-v" "/var/lib/crater-agent-workspace/builds/worker-13/target:/opt/rustwide/target:rw,Z" "-v" "/var/lib/crater-agent-workspace/builds/worker-13/source:/opt/rustwide/workdir:ro,Z" "-v" "/var/lib/crater-agent-workspace/cargo-home:/opt/rustwide/cargo-home:ro,Z" "-v" "/var/lib/crater-agent-workspace/rustup-home:/opt/rustwide/rustup-home:ro,Z" "-e" "SOURCE_DIR=/opt/rustwide/workdir" "-e" "CARGO_TARGET_DIR=/opt/rustwide/target" "-e" "CARGO_INCREMENTAL=0" "-e" "RUST_BACKTRACE=full" "-e" "RUSTFLAGS=--cap-lints=forbid" "-e" "CARGO_HOME=/opt/rustwide/cargo-home" "-e" "RUSTUP_HOME=/opt/rustwide/rustup-home" "-w" "/opt/rustwide/workdir" "-m" "1610612736" "--user" "0:0" "--network" "none" "rustops/crates-build-env@sha256:a636fd89d022f18117e1dc8fb37a0a009933cdbbe082814857f0e2024962d47c" "/opt/rustwide/cargo-home/bin/cargo" "+cfbc6d4cf1acbac5c025acf8ed68929caa551df3" "check" "--frozen" "--all" "--all-targets" "--message-format=json", kill_on_drop: false }`
[INFO] [stdout] 08ee133a8e40901ca6343955d5c6f5738b94e699fa4691f3ed43e0858e436461
[INFO] [stderr] WARNING: Your kernel does not support swap limit capabilities or the cgroup is not mounted. Memory limited without swap.
[INFO] running `Command { std: "docker" "start" "-a" "08ee133a8e40901ca6343955d5c6f5738b94e699fa4691f3ed43e0858e436461", kill_on_drop: false }`
[INFO] [stderr] warning: dependency (geom) specified without providing a local path, Git repository, or version to use. This will be considered an error in future versions
[INFO] [stderr] warning: dependency (utils) specified without providing a local path, Git repository, or version to use. This will be considered an error in future versions
[INFO] [stderr]    Compiling autocfg v1.0.1
[INFO] [stderr]    Compiling proc-macro2 v1.0.19
[INFO] [stderr]    Compiling unicode-xid v0.2.1
[INFO] [stderr]    Compiling getrandom v0.1.14
[INFO] [stderr]    Compiling rayon-core v1.7.1
[INFO] [stderr]    Compiling proc-macro-hack v0.5.18
[INFO] [stderr]     Checking ppv-lite86 v0.2.9
[INFO] [stderr]     Checking commandext v0.1.0
[INFO] [stderr]     Checking geom v0.2.3
[INFO] [stderr]     Checking rustc-serialize v0.3.24
[INFO] [stderr]    Compiling standback v0.2.10
[INFO] [stderr]    Compiling time v0.2.16
[INFO] [stderr]     Checking num_cpus v1.13.0
[INFO] [stderr]     Checking utils v0.0.3
[INFO] [stdout] error: cannot find attribute `experimental` in this scope
[INFO] [stdout]   --> /opt/rustwide/cargo-home/registry/src/github.com-1ecc6299db9ec823/utils-0.0.3/src/lib.rs:83:3
[INFO] [stdout]    |
[INFO] [stdout] 83 | #[experimental]
[INFO] [stdout]    |   ^^^^^^^^^^^^
[INFO] [stdout] 
[INFO] [stdout] 
[INFO] [stdout] error: cannot find attribute `experimental` in this scope
[INFO] [stdout]   --> /opt/rustwide/cargo-home/registry/src/github.com-1ecc6299db9ec823/utils-0.0.3/src/lib.rs:77:3
[INFO] [stdout]    |
[INFO] [stdout] 77 | #[experimental]
[INFO] [stdout]    |   ^^^^^^^^^^^^
[INFO] [stdout] 
[INFO] [stdout] 
[INFO] [stdout] error: cannot find attribute `experimental` in this scope
[INFO] [stdout]   --> /opt/rustwide/cargo-home/registry/src/github.com-1ecc6299db9ec823/utils-0.0.3/src/lib.rs:37:3
[INFO] [stdout]    |
[INFO] [stdout] 37 | #[experimental]
[INFO] [stdout]    |   ^^^^^^^^^^^^
[INFO] [stdout] 
[INFO] [stdout] 
[INFO] [stdout] error: cannot find attribute `experimental` in this scope
[INFO] [stdout]   --> /opt/rustwide/cargo-home/registry/src/github.com-1ecc6299db9ec823/utils-0.0.3/src/lib.rs:29:3
[INFO] [stdout]    |
[INFO] [stdout] 29 | #[experimental]
[INFO] [stdout]    |   ^^^^^^^^^^^^
[INFO] [stdout] 
[INFO] [stdout] 
[INFO] [stdout] error: cannot find attribute `experimental` in this scope
[INFO] [stdout]   --> /opt/rustwide/cargo-home/registry/src/github.com-1ecc6299db9ec823/utils-0.0.3/src/lib.rs:13:3
[INFO] [stdout]    |
[INFO] [stdout] 13 | #[experimental]
[INFO] [stdout]    |   ^^^^^^^^^^^^
[INFO] [stdout] 
[INFO] [stdout] 
[INFO] [stdout] error: cannot find attribute `experimental` in this scope
[INFO] [stdout]   --> /opt/rustwide/cargo-home/registry/src/github.com-1ecc6299db9ec823/utils-0.0.3/src/empty.rs:63:3
[INFO] [stdout]    |
[INFO] [stdout] 63 | #[experimental]
[INFO] [stdout]    |   ^^^^^^^^^^^^
[INFO] [stdout] 
[INFO] [stdout] 
[INFO] [stdout] error: cannot find attribute `experimental` in this scope
[INFO] [stdout]   --> /opt/rustwide/cargo-home/registry/src/github.com-1ecc6299db9ec823/utils-0.0.3/src/empty.rs:45:3
[INFO] [stdout]    |
[INFO] [stdout] 45 | #[experimental]
[INFO] [stdout]    |   ^^^^^^^^^^^^
[INFO] [stdout] 
[INFO] [stdout] 
[INFO] [stdout] error: cannot find attribute `experimental` in this scope
[INFO] [stdout]   --> /opt/rustwide/cargo-home/registry/src/github.com-1ecc6299db9ec823/utils-0.0.3/src/empty.rs:37:3
[INFO] [stdout]    |
[INFO] [stdout] 37 | #[experimental]
[INFO] [stdout]    |   ^^^^^^^^^^^^
[INFO] [stdout] 
[INFO] [stdout] 
[INFO] [stdout] error: cannot find attribute `experimental` in this scope
[INFO] [stdout]   --> /opt/rustwide/cargo-home/registry/src/github.com-1ecc6299db9ec823/utils-0.0.3/src/empty.rs:29:3
[INFO] [stdout]    |
[INFO] [stdout] 29 | #[experimental]
[INFO] [stdout]    |   ^^^^^^^^^^^^
[INFO] [stdout] 
[INFO] [stdout] 
[INFO] [stdout] error: cannot find attribute `experimental` in this scope
[INFO] [stdout]   --> /opt/rustwide/cargo-home/registry/src/github.com-1ecc6299db9ec823/utils-0.0.3/src/empty.rs:21:3
[INFO] [stdout]    |
[INFO] [stdout] 21 | #[experimental]
[INFO] [stdout]    |   ^^^^^^^^^^^^
[INFO] [stdout] 
[INFO] [stdout] 
[INFO] [stdout] error: cannot find attribute `experimental` in this scope
[INFO] [stdout]   --> /opt/rustwide/cargo-home/registry/src/github.com-1ecc6299db9ec823/utils-0.0.3/src/empty.rs:14:3
[INFO] [stdout]    |
[INFO] [stdout] 14 | #[experimental]
[INFO] [stdout]    |   ^^^^^^^^^^^^
[INFO] [stdout] 
[INFO] [stdout] 
[INFO] [stdout] error[E0609]: no field `output` on type `std::process::Output`
[INFO] [stdout]   --> /opt/rustwide/cargo-home/registry/src/github.com-1ecc6299db9ec823/utils-0.0.3/src/lib.rs:17:36
[INFO] [stdout]    |
[INFO] [stdout] 17 |             match str::from_utf8(p.output.as_slice()).unwrap().trim().parse() {
[INFO] [stdout]    |                                    ^^^^^^ unknown field
[INFO] [stdout]    |
[INFO] [stdout]    = note: available fields are: `status`, `stdout`, `stderr`
[INFO] [stdout] 
[INFO] [stdout] 
[INFO] [stdout] error[E0308]: mismatched types
[INFO] [stdout]   --> /opt/rustwide/cargo-home/registry/src/github.com-1ecc6299db9ec823/utils-0.0.3/src/lib.rs:18:17
[INFO] [stdout]    |
[INFO] [stdout] 17 |             match str::from_utf8(p.output.as_slice()).unwrap().trim().parse() {
[INFO] [stdout]    |                   ----------------------------------------------------------- this expression has type `std::result::Result<_, _>`
[INFO] [stdout] 18 |                 Some(i) => i,
[INFO] [stdout]    |                 ^^^^^^^ expected enum `std::result::Result`, found enum `std::option::Option`
[INFO] [stdout]    |
[INFO] [stdout]    = note: expected enum `std::result::Result<_, _>`
[INFO] [stdout]               found enum `std::option::Option<_>`
[INFO] [stdout] 
[INFO] [stdout] 
[INFO] [stdout] error[E0308]: mismatched types
[INFO] [stdout]   --> /opt/rustwide/cargo-home/registry/src/github.com-1ecc6299db9ec823/utils-0.0.3/src/lib.rs:19:17
[INFO] [stdout]    |
[INFO] [stdout] 17 |             match str::from_utf8(p.output.as_slice()).unwrap().trim().parse() {
[INFO] [stdout]    |                   ----------------------------------------------------------- this expression has type `std::result::Result<_, _>`
[INFO] [stdout] 18 |                 Some(i) => i,
[INFO] [stdout] 19 |                 None    => panic!("unable to cast nproc output!"),
[INFO] [stdout]    |                 ^^^^ expected enum `std::result::Result`, found enum `std::option::Option`
[INFO] [stdout]    |
[INFO] [stdout]    = note: expected enum `std::result::Result<_, _>`
[INFO] [stdout]               found enum `std::option::Option<_>`
[INFO] [stdout] 
[INFO] [stdout] 
[INFO] [stdout] error[E0609]: no field `output` on type `std::process::Output`
[INFO] [stdout]   --> /opt/rustwide/cargo-home/registry/src/github.com-1ecc6299db9ec823/utils-0.0.3/src/lib.rs:41:54
[INFO] [stdout]    |
[INFO] [stdout] 41 |             let mut res =  String::from_utf8_lossy(o.output.as_slice());
[INFO] [stdout]    |                                                      ^^^^^^ unknown field
[INFO] [stdout]    |
[INFO] [stdout]    = note: available fields are: `status`, `stdout`, `stderr`
[INFO] [stdout] 
[INFO] [stdout] 
[INFO] [stdout] error[E0599]: no method named `as_slice` found for reference `&std::string::String` in the current scope
[INFO] [stdout]   --> /opt/rustwide/cargo-home/registry/src/github.com-1ecc6299db9ec823/utils-0.0.3/src/empty.rs:32:14
[INFO] [stdout]    |
[INFO] [stdout] 32 |         self.as_slice().is_empty()
[INFO] [stdout]    |              ^^^^^^^^ method not found in `&std::string::String`
[INFO] [stdout] 
[INFO] [stdout] 
[INFO] [stdout] error: aborting due to 16 previous errors
[INFO] [stdout] 
[INFO] [stdout] 
[INFO] [stdout] Some errors have detailed explanations: E0308, E0599, E0609.
[INFO] [stdout] 
[INFO] [stdout] For more information about an error, try `rustc --explain E0308`.
[INFO] [stdout] 
[INFO] [stderr] error: could not compile `utils`.
[INFO] [stderr] 
[INFO] [stderr] To learn more, run the command again with --verbose.
[INFO] [stderr] warning: build failed, waiting for other jobs to finish...
[INFO] [stderr] error: build failed
[INFO] running `Command { std: "docker" "inspect" "08ee133a8e40901ca6343955d5c6f5738b94e699fa4691f3ed43e0858e436461", kill_on_drop: false }`
[INFO] running `Command { std: "docker" "rm" "-f" "08ee133a8e40901ca6343955d5c6f5738b94e699fa4691f3ed43e0858e436461", kill_on_drop: false }`
[INFO] [stdout] 08ee133a8e40901ca6343955d5c6f5738b94e699fa4691f3ed43e0858e436461
